-3 + 2/n*123. Let g = -377 - -719. What is the highest common divisor of o and g?
38
Let y be 2162/12 - 11/66. Let s = 8782 - 8770. What is the greatest common divisor of y and s?
12
Let q = 20631 - 19061. What is the highest common factor of q and 25?
5
Suppose -52*i - 2*s = -47*i - 210, -3*i + s + 115 = 0. Let b = -22 - -150. Calculate the greatest common divisor of b and i.
8
Let c(w) = -334*w - 936. Let r be c(-4). Calculate the greatest common factor of 304 and r.
16
Let f = 4311 + -2562. Suppose -2*w - 1395 = -6*w - g, -5*w + f = 3*g. Calculate the greatest common divisor of w and 12.
12
Let v = 11087 - 11049. What is the highest common factor of v and 16321?
19
Suppose 5*d + 2679 = 6*d + 2*d. What is the greatest common factor of 475 and d?
19
Let y(h) = 21*h + 338. Let a be y(-16). Suppose -q = -4*i + 667, 27*q + 316 = a*i + 23*q. Calculate the greatest common factor of 126 and i.
42
Suppose -5*a + 26*x + 10205 = 27*x, -6100 = -3*a + 4*x. What is the highest common factor of 17 and a?
17
Suppose 5*p = 4*l + 407, -l + 201 = -3*l + 3*p. Let k be l/(12/(-4)) - 4. Let z = k + -15. Calculate the highest common factor of 187 and z.
17
Let w = -127 + 368. Let n = -230 + w. What is the greatest common divisor of 44 and n?
11
Suppose -4 = 2*y - 2*x, -4*y - 23*x + 19*x + 32 = 0. Suppose 0 = -y*g + 3*a + 186, -2*a - 251 = -4*g - a. What is the highest common divisor of g and 45?
9
Let o be 296/(-740) + (-54)/(-10) + 0. Suppose m + o*m - 924 = 0. Calculate the highest common divisor of m and 33.
11
Let o(b) = -b**3 + 23*b**2 - 120*b - 3. Let c be o(11). Calculate the highest common factor of c and 249.
3
Let x be 741 + (35 + -33)*(-5)/(-2). Suppose -4*j - 2*i + x = 0, j - 2*i - 955 = -4*j. Calculate the greatest common divisor of 252 and j.
63
Let p be (-17 - (-728)/13)/((-1)/(-19)*1). What is the highest common factor of 228 and p?
57
Let y(l) = 12*l**3 + 6*l - 2. Let q be y(4). Let b = q - 542. Let d(h) = -285*h + 11431. Let i be d(40). What is the greatest common divisor of b and i?
31
Let i(h) = -h**3 + 2*h**2 + 10*h - 5. Let r be 1*-1 - (-7)/((-35)/(-25)). Let w be i(r). What is the highest common divisor of w and 24?
3
Suppose -3*u + 0*u = -5*k + 990, -2*u = 2*k - 396. Let b = -138 + k. Suppose 4*h = j + 45, j = -2*h - 0*j + 27. What is the greatest common factor of b and h?
12
Let h be (-1 - 8)/(7 + 62172/(-8877)). What is the highest common factor of h and 18?
9
Let o = -6173 + 6768. What is the greatest common factor of 1435 and o?
35
Suppose 23*r = 15*r + 200. Suppose -42 + 167 = t. Calculate the greatest common factor of t and r.
25
Let t(a) = -a**2 + 38*a + 99. Suppose -116 = -4*x - 2*y, -2*x - 4*y = -x - 29. Let f be t(x). What is the greatest common factor of f and 40?
40
Suppose -2*a + 5*v = 4*v - 289, 0 = 2*a - 5*v - 269. Suppose d = 26 + 16. What is the greatest common factor of a and d?
21
Let q be (-345)/(-55) + (-60)/220. Let s be 158/3 + 2/(-3). What is the greatest common factor of q and s?
2
Suppose 0 = 4*r + 5*y - 544, 4*y - 90 = -r + 46. Let o(n) = 2*n**2 + 3213 - 3260 - n**2. Let x be o(-8). What is the greatest common divisor of x and r?
17
Suppose -13*p + 14*p - 3*b = 32, -3*p = -5*b - 68. Let i(x) = x + 26. Let l be i(-14). Let m = l - 1. Calculate the highest common divisor of m and p.
11
Suppose -36*t = -43*t + 308. Suppose -t = -i + 3*o, 5*i - 204 = -4*o + 3*o. What is the highest common factor of i and 656?
41
Suppose 2*v - 66 = -2*q, -5*v + 288 = 8*q + 3. Calculate the highest common divisor of 7580 and q.
20
Suppose -4*k = -14*k + 5783 + 6517. What is the greatest common factor of k and 870?
30
Let y(a) = -2*a**2 - 26*a + 37. Let b be y(-14). Let l be 1*(-1 - (-6)/b)*-6. Calculate the greatest common factor of 38 and l.
2
Suppose 0 = -173*l + 112*l + 1586. Suppose c + 0*c = q - 132, -262 = -2*q + c. Calculate the greatest common factor of q and l.
26
Let w = 28670 - 19219. What is the greatest common divisor of w and 39?
13
Let t be (-4)/12 - (256/(-12) + 5). Suppose t*f = -21*f + 481. Let b = 88 - 62. Calculate the highest common divisor of b and f.
13
Let r = 71 + -81. Let v(a) = 2*a**2 + 18*a + 20. Let j be v(r). What is the highest common divisor of 180 and j?
20
Let z(r) = r**3 + 3*r**2 - 18*r - 12. Let f be z(-6). Let l be 256/44 - f/66. Let t be 2/(-2*(-2)/l) + 0. Calculate the greatest common divisor of 15 and t.
3
Let x(l) = -l + 288. Let k be x(0). Let g = k + -153. Suppose 0 = -4*j + 64 + 44. Calculate the highest common factor of g and j.
27
Let n = -2690 + 4849. Suppose 0 = 4*f + 5*h - n, 4*f - 6*h + h = 2209. What is the greatest common factor of 26 and f?
26
Let b be 2016/77*(-1166)/(-159). Calculate the greatest common divisor of b and 1696.
32
Let k(m) = -13*m**3 - 15*m**2 - 3*m - 2. Let p be k(-2). Suppose -i - o + 17 = -0*i, -o = -i + 19. What is the greatest common divisor of i and p?
6
Let n(m) = -2*m**2 + 3*m - 1. Let t be n(3). Let k = 31 + t. Let u(b) = b**2 + 16*b - 29. Let r be u(-18). Calculate the greatest common factor of r and k.
7
Let f = 78 + -74. Suppose 0 = -f*o + 8, -7*b - 14 = -9*b + 5*o. Calculate the greatest common divisor of 30 and b.
6
Suppose -2*z + 28 = -12. Let h be z/100 + 48/10. Let u(r) = 28*r - 4. Let b be u(h). Calculate the greatest common divisor of 17 and b.
17
Suppose 0 = -4*l + 44 - 28. Suppose 0 = l*t + 3*d - 109, 0*t - 4*t + 4*d + 144 = 0. What is the greatest common factor of 341 and t?
31
Suppose 3*o = -4*y - 12, 3*o = 3*y + 4*o + 4. Suppose y = 18*k - 13*k - 240. Let n be 4 - (-2 - (-1 + 1)). Calculate the highest common divisor of k and n.
6
Let l be 1 + 1 + 38 + 0. Let f(i) = -i**2 - 23*i - 40. Let b be f(-7). Suppose -62 = 2*o - b. Calculate the highest common divisor of o and l.
5
Let f(s) = -s**3 + 13*s**2 - 5*s + 6. Let i be f(7). Suppose -4219 + 4214 = -d. What is the highest common factor of d and i?
5
Let k = -11 - -18. Let a be 336/33 + -3 - 274/1507. Calculate the greatest common factor of k and a.
7
Let o = -15548 + 15611. What is the greatest common factor of o and 259?
7
Let p = -4904 + 9443. What is the greatest common divisor of 68 and p?
17
Suppose 2186 = l + 5*v, 5*l + 18*v = 19*v + 10826. What is the highest common factor of l and 285?
57
Suppose -5*y = -2*i + 380, 6*y - 16 = 10*y. Suppose 6*s - 3*s = i. Calculate the highest common divisor of 210 and s.
30
Suppose 3*g - 8*c = -6*c + 62, 0 = -5*g - 2*c + 114. What is the greatest common factor of g and 3443?
11
Let j = 945 + -513. What is the greatest common factor of j and 135?
27
Let r be 29*(-13)/(-2639) - (-11478)/14. Calculate the greatest common factor of r and 180.
20
Suppose -8 = 7*q - 3*q, 2*q + 234436 = 4*f. Suppose 34*d + 10*d = f. Calculate the greatest common factor of d and 36.
36
Let x be 2 - 5/3 - ((-1170)/54 + 21). Calculate the greatest common factor of x and 197.
1
Let i(v) = v**3 + 9*v**2 - 8*v + 34. Let r be i(-10). Let c(h) = 11*h - 111. Let j be c(r). Let y = 166 + 6. What is the greatest common divisor of y and j?
43
Let h be 20 - (1 - (8 - 18)). Let n(v) = -5*v - 5. Let s be n(-10). What is the highest common divisor of s and h?
9
Let t be (-17)/(1/8*-2). Suppose -6426 = 4059*b - 4080*b. Calculate the highest common factor of t and b.
34
Let v = 7885 - 7758. Calculate the greatest common factor of v and 13843.
127
Let t be 48/3*(-2)/(-4). Suppose 12 = h - t. Let u be -1 + (-15)/(-9) + 596/6. Calculate the highest common divisor of h and u.
20
Suppose -655468 - 1227208 = -128*o + 958156. What is the highest common factor of 81 and o?
81
Let k = -7860 + 7946. Calculate the greatest common divisor of k and 688.
86
Let j(t) = 2*t**2 - t + 67. Let x be j(0). Let l = -47 + x. Let s be ((-60)/(-8))/(15/l). What is the highest common factor of 60 and s?
10
Let c(p) = -3*p - 2. Let f be c(-4). Let y be ((-20)/8)/((-3)/30). Calculate the greatest common factor of f and y.
5
Suppose 4340 = -5*g + 5*a, -3*a + 0*a = -2*g - 1738. Let t = 1227 + g. Calculate the highest common factor of 19 and t.
19
Let l(u) = u**2 - u - 4. Let r be l(6). Suppose 3*y = -s + 14, -29*s + 2*y = -33*s + 96. What is the greatest common divisor of s and r?
26
Let b be (-2 - -1)*-2*2. Let x(o) = o**3 - 2*o**2 - 4*o - 2. Let p be x(b). Suppose 144 = -7*j + 389. What is the greatest common divisor